st common factor of 517 and o.
47
Suppose -4*l = 21*l - 150. Let x be l + (1 - 1) + 119. What is the greatest common divisor of x and 75?
25
Let a(y) = 92*y**2 + 206*y - 984. Let l be a(5). What is the greatest common divisor of 138 and l?
138
Suppose 860 = 3*k + 4*l, -5*k + 1105 = -k - 3*l. Let g = 33916 - 33876. Calculate the highest common factor of g and k.
40
Let n = 27 + -43. Let o(u) = -3*u - 14. Let w be o(n). What is the highest common divisor of w and 306?
34
Let g = 808 + -771. Calculate the greatest common divisor of 1961 and g.
37
Let f(k) = 546*k + 9. Let m be f(5). What is the greatest common divisor of 83 and m?
83
Let l(j) be the first derivative of 163*j**3/3 + j**2/2 - 3*j - 90. Let g be l(1). Calculate the highest common factor of 23 and g.
23
Suppose -15*b + c = -16*b + 198, -3*b = 5*c - 580. Let n(a) = a**3 + 4*a**2 - 4*a - 6. Let y be n(-4). Calculate the highest common factor of y and b.
5
Let n be (270/126)/((-9)/(-210)). Calculate the greatest common factor of n and 8210.
10
Let v(i) be the third derivative of i**4/24 + 10*i**3/3 - 24*i**2. Let z be v(-5). Calculate the highest common factor of z and 135.
15
Let s = 8128 + -6832. Calculate the highest common factor of 1053 and s.
81
Let t be -27*(99/9 - 12). Calculate the highest common divisor of t and 2781.
27
Let a(l) = 4039*l**3 - 3*l**2 - 4*l + 8. Let m be a(1). Calculate the greatest common divisor of 40 and m.
40
Let l be 2/5*25/10. Let t be (l - 0) + -1 - (11 + -14). Calculate the greatest common divisor of t and 12.
3
Let m be -4*(-4)/(-64)*12. Let v be ((-1)/m)/(3/369). Calculate the highest common divisor of 615 and v.
41
Suppose -5*n = 4*y - 3373, -5*y - 4*n + 1808 = -2397. What is the highest common factor of y and 341?
31
Let u be (-5*1)/(-1) - (12 - 5 - 23). Let r = 391 + -118. Calculate the highest common factor of u and r.
21
Suppose -3*x + 1255 = 238. Let k = x - 206. What is the highest common divisor of 57 and k?
19
Let z be ((9 - 1) + 298)*1 + 0. Let s = 6 - -30. What is the highest common factor of s and z?
18
Suppose 3*f - 422 + 50 = 3*l, 0 = 4*l - 20. Let r = 9246 + -9031. Calculate the greatest common divisor of r and f.
43
Let h be (46 - (-4)/(-2)) + -2. Let x = -18 + h. Let o(k) = 2*k**3 - 82*k**2 + 81*k + 152. Let v be o(40). What is the highest common divisor of v and x?
24
Suppose 10*f - 24*f - 37*f = -1836. Suppose -c - 1 = 0, -80 - 60 = -4*v - 4*c. Calculate the highest common factor of f and v.
36
Let c(y) be the second derivative of 2/3*y**3 + 7*y - 18*y**2 + 0. Let u be c(16). What is the highest common divisor of 42 and u?
14
Let q(h) = 248*h + 6455. Let g be q(-26). Suppose -2*u + 4 = -u. Suppose -u = -c + 10. What is the highest common factor of g and c?
7
Suppose -1 = -b, -2*z + 31*b = 36*b - 555. Suppose 0 = 4*h + 25 - 125. What is the highest common divisor of z and h?
25
Let o(t) = 36*t + 1400. Let u be o(-32). Calculate the highest common divisor of u and 16.
8
Suppose -102*k - 4*g - 86 = -103*k, 4*g = 4*k - 296. What is the highest common factor of 20 and k?
10
Suppose 5*z + 2*g - 93 = 0, g - 10 = -z + 11. Let o = z - 2. Let i(y) = -y**2 - 12*y - 21. Let w be i(-3). Calculate the greatest common divisor of w and o.
3
Let d(q) = 2*q**2 + 10*q + 3. Let x be d(0). Suppose x*b = -b - 4*k + 180, 0 = 4*k + 20. Calculate the highest common factor of 400 and b.
50
Let l be 2/(50520/8415 - 6). Calculate the greatest common divisor of 357 and l.
51
Let k(j) = 13*j**3 + 6*j**2 - 7*j - 26. Let i be k(4). Calculate the greatest common divisor of i and 69.
23
Suppose -15 = 5*j, 2*j + 955 = 5*b - 1051. What is the greatest common factor of b and 275?
25
Let i be (-2)/2 - 238/(-34). Suppose 2*c + 4*c - i = 0. What is the highest common factor of c and 1?
1
Let r = 6395 + 4250. Let c be r/35 - 8/56 - -4. What is the greatest common divisor of 231 and c?
77
Suppose -45*f = -47*f + 62. What is the highest common divisor of f and 527?
31
Suppose 0 = -4*i + 3969 + 223. What is the highest common factor of i and 7074?
262
Let w be 4/(-11) - 11628/(-33). What is the highest common divisor of 22 and w?
22
Suppose -n - 800 = -1125. Calculate the greatest common factor of 104 and n.
13
Let q be 150/39 - ((-11)/(-13) + -1). Suppose -55 = q*v + 313. Let o = v + 102. What is the highest common factor of o and 50?
10
Let o be 15 + 2 - (6 - 9). Suppose -321 = 22*h + 2605. Let v = h - -153. What is the greatest common factor of v and o?
20
Suppose 5*d - 5 = 0, -6*n + 2*n + 3*d - 7 = 0. Let i be 6 + 3/n + 221. Calculate the greatest common factor of 32 and i.
32
Let z(i) = -i**3 + 7*i**2 - 5*i - 2. Let f be z(3). Let m be (21 - f)/(4/(-552)*-1). What is the highest common divisor of m and 36?
12
Let t(c) = -2*c + 55. Let k be t(4). Let y = -112 + 347. Calculate the greatest common divisor of k and y.
47
Let z be (-2205)/42*(-46)/(-20)*-16. What is the highest common factor of z and 42?
42
Suppose 652*o - 26488 = 609*o. Calculate the highest common factor of 1155 and o.
77
Let j(y) = 18*y + 23. Let g be j(-7). Let t = g - -106. Suppose -s = t*z - 39, 3*z = 4*s - 107 - 34. What is the greatest common divisor of s and 12?
12
Let u be ((-16)/24)/(1/(-3)). Let m(p) = -2*p - 32 + 22 - 4*p + 2*p + p**u. Let o be m(8). Calculate the highest common factor of o and 11.
11
Suppose -55 = -6*m + 53. Let k be (-3068)/(-117) + (-4)/m. Calculate the greatest common factor of 52 and k.
26
Suppose 5*j = 2*u - 152 - 71, -4*u = 3*j - 407. Suppose -4*f + 128 = u. What is the highest common divisor of f and 3?
3
Suppose -13*n = -24711 - 27653. What is the greatest common factor of n and 456?
76
Let v(l) = -334*l + 3274. Let o be v(9). What is the highest common factor of o and 20?
4
Let m = -129 - -667. Suppose -m = -0*f - 2*f. Suppose 5*x = 61 + f. Calculate the greatest common factor of x and 6.
6
Suppose 0*h + 180 = 4*j - h, 3*j - 134 = h. Suppose -j*b + 67*b = 1827. Calculate the greatest common divisor of 261 and b.
87
Suppose 0 = 2*h - 6*h. Suppose 2*k - k - 2*g - 10 = h, -2*g = 3*k - 46. Suppose 3*p + 8*p = 154. Calculate the greatest common divisor of p and k.
14
Let g be (-1 + (-41643)/105)*-125. Calculate the greatest common divisor of 100 and g.
100
Suppose 0 = 2*d - 94 - 98. Let x = -10 - -26. Let n be x/((-3)/(-3) - 0). What is the highest common factor of d and n?
16
Let t be (-1443)/(-6) - 15/6. Suppose -g = -2*g + t. What is the highest common divisor of 14 and g?
14
Suppose 5256 = -12*z + 27888. Calculate the greatest common factor of 69 and z.
23
Let q(f) = 50 + 3*f**2 + 2*f**3 + 0*f**2 + f - 3*f**3 - 2*f**2. Let c be q(0). Let d be 4 - -2 - 8 - -22. Calculate the highest common divisor of c and d.
10
Let q be ((-5)/45*-6)/(3/(-9)). Let w(h) = -11*h - 10. Let n be w(q). Suppose -6*a + 2*a + 24 = 0. What is the highest common divisor of n and a?
6
Suppose 2*d - 113 = -5*p - 495, -d = 4*p + 305. Let g be p*(30/(-8))/3. Suppose -g*i + 91*i = -24. What is the greatest common divisor of 72 and i?
6
Suppose -2*b + 29560 = 4*v, v - 52*b + 53*b - 7390 = 0. What is the greatest common divisor of 5 and v?
5
Let x = 4002 + 7014. What is the highest common divisor of 136 and x?
136
Let d be 5 + (-4 - -2 - (-6 - -4)). Suppose r + 16 = d*r. Suppose 395 = r*j + 71. Calculate the greatest common divisor of 27 and j.
27
Let z(h) = 126*h**2 + h + 5. Let a be z(-5). Let v be 2/11 + a/462. Calculate the highest common factor of 1 and v.
1
Suppose 5*f = 4 + 31. Let x be (-14)/(-6) - 1/3. Suppose x*w + 4*a - 30 = 0, 22 = 5*w + 2*a - 21. Calculate the greatest common divisor of w and f.
7
Suppose -47*l - 88 = -55*l. Let t be 17/(102/36)*l. Let j be (-8)/(-20) - (-56)/10. What is the greatest common divisor of t and j?
6
Let v be (-8)/16*6*11. Let r be (-296)/6*v/22. Suppose 0 = -4*f + 5*d + 755, -3*f + d = -217 - 341. What is the highest common factor of r and f?
37
Let r(k) = 8*k - 22. Let j be r(3). Let u = 2 - j. Suppose -h + 28 = -u*h. What is the highest common factor of 21 and h?
7
Let x = 40 + 78. Suppose -6*n - 44 = x. Let g = 50 + n. Calculate the greatest common factor of 253 and g.
23
Let s be (1/3)/((-1)/6) + 4. Suppose -2*q = 5*l - q + 183, -5*q = -s*l - 84. Let u = l - -72. What is the highest common factor of 5 and u?
5
Let y = 163 - 161. Let r(c) = 52*c**2. Let g